 by 3.
2
What is the remainder when 2603 is divided by 519?
8
Calculate the remainder when 645 is divided by 54.
51
What is the remainder when 41 is divided by 29?
12
Calculate the remainder when 27 is divided by 19.
8
Calculate the remainder when 551 is divided by 69.
68
What is the remainder when 242 is divided by 69?
35
Calculate the remainder when 333 is divided by 56.
53
Calculate the remainder when 45 is divided by 10.
5
Calculate the remainder when 293 is divided by 59.
57
Calculate the remainder when 164 is divided by 42.
38
Calculate the remainder when 4779 is divided by 11.
5
What is the remainder when 802 is divided by 400?
2
Calculate the remainder when 21 is divided by 4.
1
Calculate the remainder when 202 is divided by 20.
2
Calculate the remainder when 2068 is divided by 69.
67
What is the remainder when 176 is divided by 84?
8
Calculate the remainder when 2458 is divided by 28.
22
What is the remainder when 23174 is divided by 49?
46
What is the remainder when 1781 is divided by 17?
13
What is the remainder when 1984 is divided by 14?
10
What is the remainder when 203 is divided by 52?
47
What is the remainder when 246 is divided by 243?
3
What is the remainder when 1877 is divided by 65?
57
Calculate the remainder when 777 is divided by 251.
24
Calculate the remainder when 26 is divided by 22.
4
What is the remainder when 1451 is divided by 711?
29
What is the remainder when 2113 is divided by 163?
157
What is the remainder when 327 is divided by 159?
9
Calculate the remainder when 58 is divided by 50.
8
Calculate the remainder when 125 is divided by 26.
21
Calculate the remainder when 170 is divided by 25.
20
Calculate the remainder when 130 is divided by 21.
4
What is the remainder when 24 is divided by 8?
0
What is the remainder when 180 is divided by 91?
89
Calculate the remainder when 200 is divided by 108.
92
What is the remainder when 1993 is divided by 19?
17
What is the remainder when 29 is divided by 1?
0
What is the remainder when 176 is divided by 80?
16
Calculate the remainder when 557 is divided by 35.
32
What is the remainder when 156 is divided by 95?
61
Calculate the remainder when 969 is divided by 239.
13
Calculate the remainder when 429 is divided by 88.
77
Calculate the remainder when 337 is divided by 68.
65
What is the remainder when 99 is divided by 51?
48
What is the remainder when 2941 is divided by 588?
1
What is the remainder when 1416 is divided by 150?
66
What is the remainder when 58 is divided by 11?
3
What is the remainder when 3354 is divided by 160?
154
Calculate the remainder when 1251 is divided by 177.
12
What is the remainder when 54 is divided by 7?
5
What is the remainder when 265 is divided by 65?
5
What is the remainder when 456 is divided by 214?
28
What is the remainder when 73 is divided by 46?
27
What is the remainder when 1734 is divided by 47?
42
What is the remainder when 477 is divided by 20?
17
Calculate the remainder when 697 is divided by 3.
1
Calculate the remainder when 19836 is divided by 109.
107
Calculate the remainder when 209 is divided by 59.
32
What is the remainder when 301 is divided by 77?
70
Calculate the remainder when 2110 is divided by 88.
86
What is the remainder when 66 is divided by 2?
0
Calculate the remainder when 3805 is divided by 56.
53
What is the remainder when 132 is divided by 23?
17
Calculate the remainder when 475 is divided by 71.
49
What is the remainder when 24744 is divided by 101?
100
Calculate the remainder when 822 is divided by 103.
101
Calculate the remainder when 571 is divided by 179.
34
What is the remainder when 177 is divided by 79?
19
What is the remainder when 838 is divided by 24?
22
Calculate the remainder when 1930 is divided by 121.
115
Calculate the remainder when 4334 is divided by 2164.
6
What is the remainder when 11323 is divided by 19?
18
Calculate the remainder when 60 is divided by 12.
0
Calculate the remainder when 30 is divided by 17.
13
Calculate the remainder when 34 is divided by 9.
7
Calculate the remainder when 949 is divided by 46.
29
What is the remainder when 52 is divided by 20?
12
What is the remainder when 314 is divided by 157?
0
What is the remainder when 125 is divided by 36?
17
What is the remainder when 1383 is divided by 458?
9
Calculate the remainder when 8934 is divided by 279.
6
What is the remainder when 785 is divided by 127?
23
What is the remainder when 223 is divided by 77?
69
Calculate the remainder when 1822 is divided by 21.
16
What is the remainder when 417 is divided by 91?
53
What is the remainder when 45 is divided by 6?
3
Calculate the remainder when 253 is divided by 10.
3
Calculate the remainder when 1535 is divided by 48.
47
Calculate the remainder when 279 is divided by 57.
51
What is the remainder when 115 is divided by 28?
3
Calculate the remainder when 18924 is divided by 9.
6
What is the remainder when 81 is divided by 32?
17
What is the remainder when 83 is divided by 12?
11
What is the remainder when 3602 is divided by 4?
2
What is the remainder when 50 is divided by 14?
8
What is the remainder when 357 is divided by 22?
5
Calculate the remainder when 915 is divided by 16.
3
Calculate the remainder when 1891 is divided by 29.
6
What is the remainder when 162 is divided by 41?
39
What is the remainder when 44 is divided by 4?
0
Calculate the remainder when 3303 is divided by 114.
111
Calculate the remainder when 2773 is divided by 99.
1
Calculate the remainder when 60 is divided by 13.
8
Calculate the remainder when 99 is divided by 2.
1
What is the remainder when 78 is divided by 15?
3
Calculate the remainder when 8985 is divided by 84.
81
Calculate the remainder when 88 is divided by 75.
13
Calculate the remainder when 755 is divided by 190.
185
Calculate the remainder when 70 is divided by 55.
15
What is the remainder when 244 is divided by 195?
49
What is the remainder when 3134 is divided by 57?
56
What is the remainder when 49 is divided by 7?
0
What is the remainder when 143 is divided by 21?
17
Calculate the remainder when 4135 is divided by 46.
41
Calculate the remainder when 85 is divided by 13.
7
Calculate the remainder when 585 is divided by 118.
113
Calculate the remainder when 1839 is divided by 41.
35
What is the remainder when 147 is divided by 41?
24
What is the remainder when 402 is divided by 81?
78
What is the remainder when 158 is divided by 56?
46
What is the remainder when 242 is divided by 61?
59
Calculate the remainder when 110 is divided by 58.
52
What is the remainder when 2789 is divided by 2?
1
What is the remainder when 135 is divided by 91?
44
What is the remainder when 4086 is divided by 256?
246
Calculate the remainder when 32559 is divided by 81.
78
What is the remainder when 363 is divided by 350?
13
What is the remainder when 4816 is divided by 178?
10
What is the remainder when 1631 is divided by 542?
5
Calculate the remainder when 256 is divided by 89.
78
What is the remainder when 2256 is divided by 123?
42
Calculate the remainder when 300 is divided by 38.
34
Calculate the remainder when 3147 is divided by 8.
3
Calculate the remainder when 111 is divided by 39.
33
What is the remainder when 226 is divided by 54?
10
Calculate the remainder when 419 is divided by 212.
207
What is the remainder when 25 is divided by 7?
4
What is the remainder when 10769 is divided by 15?
14
What is the remainder when 741 is divided by 123?
3
What is the remainder when 564 is divided by 57?
51
What is the remainder when 822 is divided by 90?
12
Calculate the remainder when 1565 is divided by 179.
133
What is the remainder when 70 is divided by 60?
10
Calculate the remainder when 15005 is divided by 67.
64
What is the remainder when 18 is divided by 7?
4
What is the remainder when 267 is divided by 68?
63
Calculate the remainder when 1124 is divided by 95.
79
Calculate the remainder when 30490 is divided by 308.
306
Calculate the remainder when 102 is divided by 15.
12
Calculate the remainder when 1182 is divided by 290.
22
What is the remainder when 27 is divided by 19?
8
Calculate the remainder when 452 is divided by 207.
38
What is the remainder when 158 is divided by 154?
4
Calculate the remainder when 34 is divided by 9.
7
What is the remainder w